{"id":13,"date":"2025-06-07T05:19:25","date_gmt":"2025-06-07T05:19:25","guid":{"rendered":"https:\/\/aucklandtokelausociety.co.nz\/?page_id=13"},"modified":"2025-07-13T01:45:47","modified_gmt":"2025-07-12T13:45:47","slug":"services","status":"publish","type":"page","link":"https:\/\/aucklandtokelausociety.co.nz\/?page_id=13","title":{"rendered":"Services"},"content":{"rendered":"\n<h2 class=\"wp-block-heading\">T\u0101tou Collective<\/h2>\n\n\n\n<p class=\"has-text-align-center\">Auckland Tokelau Society Incorporated (ATSI) is honoured to partner with the T\u0101tou Collective to deliver Wh\u0101nau Ora Navigator services across Auckland, providing proactive outreach, culturally grounded advocacy and support to help Tokelau families overcome barriers, build resilience and thrive in Aotearoa.<\/p>\n\n\n\n<h3 class=\"wp-block-heading has-text-align-center\">Tatou Wh\u0101nau Ora Navigator<\/h3>\n\n\n<div class=\"wp-block-image\">\n<figure class=\"aligncenter size-large is-resized\"><img loading=\"lazy\" decoding=\"async\" width=\"768\" height=\"1024\" src=\"https:\/\/aucklandtokelausociety.co.nz\/wp-content\/uploads\/2025\/07\/2025.7.12-Photo-LHS-2-768x1024.jpeg\" alt=\"\" class=\"wp-image-222\" style=\"width:237px;height:auto\" srcset=\"https:\/\/aucklandtokelausociety.co.nz\/wp-content\/uploads\/2025\/07\/2025.7.12-Photo-LHS-2-768x1024.jpeg 768w, https:\/\/aucklandtokelausociety.co.nz\/wp-content\/uploads\/2025\/07\/2025.7.12-Photo-LHS-2-225x300.jpeg 225w, https:\/\/aucklandtokelausociety.co.nz\/wp-content\/uploads\/2025\/07\/2025.7.12-Photo-LHS-2-1152x1536.jpeg 1152w, https:\/\/aucklandtokelausociety.co.nz\/wp-content\/uploads\/2025\/07\/2025.7.12-Photo-LHS-2-1536x2048.jpeg 1536w, https:\/\/aucklandtokelausociety.co.nz\/wp-content\/uploads\/2025\/07\/2025.7.12-Photo-LHS-2-scaled.jpeg 1920w\" sizes=\"auto, (max-width: 768px) 100vw, 768px\" \/><\/figure>\n<\/div>\n\n<p style=\"text-align: center;\"><strong>Lise Hope-Suveinakama<\/strong> is a Tokelauan lawyer and an active member of the Auckland<br \/>Tokelau Incorporated Society and the Mulihelu Atafu Community. Deeply rooted in her<br \/>culture and committed to uplifting her community, she works through the Kaiga<br \/>Maopoopo Cultural Conceptual Framework and the Tugaki Ke Olatia Champions of<br \/>Change, a Nga Vaka o K\u0101iga Tapu initiative to foster strong, unified, and resilient<br \/>Tokelauan families.<\/p>\n<p style=\"text-align: center;\"><br \/>As the <strong>Tatou Wh\u0101nau Ora Navigator for Tokelau Families<\/strong>, Lise aspires to walk<br \/>alongside families on their journeys, offering guidance, building trust, supporting their<br \/>planning, and connecting them to vital services and opportunities. Her vision is to see<br \/>Tokelauan families thrive, culturally connected, confident, and able to navigate both<br \/>their traditions and the western world with pride and resilience. Through her work, she<br \/>continues to inspire others and embody the collective spirit of care, leadership, and<br \/>hope that defines her community.<\/p>\n\n<div class=\"wp-block-image\">\n<figure class=\"aligncenter size-full is-resized\"><img loading=\"lazy\" decoding=\"async\" width=\"569\" height=\"437\" src=\"https:\/\/aucklandtokelausociety.co.nz\/wp-content\/uploads\/2025\/07\/Tatou-logo-4.png\" alt=\"\" class=\"wp-image-224\" style=\"width:447px;height:auto\" srcset=\"https:\/\/aucklandtokelausociety.co.nz\/wp-content\/uploads\/2025\/07\/Tatou-logo-4.png 569w, https:\/\/aucklandtokelausociety.co.nz\/wp-content\/uploads\/2025\/07\/Tatou-logo-4-300x230.png 300w\" sizes=\"auto, (max-width: 569px) 100vw, 569px\" \/><\/figure>\n<\/div>","protected":false},"excerpt":{"rendered":"<p>T\u0101tou Collective Auckland Tokelau Society Incorporated (ATSI) is honoured to partner with the T\u0101tou Collective to deliver Wh\u0101nau Ora Navigator services across Auckland, providing proactive outreach, culturally grounded advocacy and support to help Tokelau families overcome barriers, build resilience and thrive in Aotearoa. Tatou Wh\u0101nau Ora Navigator Lise Hope-Suveinakama is a Tokelauan lawyer and an&#8230;<\/p>\n","protected":false},"author":1,"featured_media":0,"parent":0,"menu_order":0,"comment_status":"closed","ping_status":"closed","template":"","meta":{"_kadence_starter_templates_imported_post":false,"_swpsp_post_exclude":false,"_kad_post_transparent":"","_kad_post_title":"","_kad_post_layout":"","_kad_post_sidebar_id":"","_kad_post_content_style":"","_kad_post_vertical_padding":"","_kad_post_feature":"","_kad_post_feature_position":"","_kad_post_header":false,"_kad_post_footer":false,"footnotes":""},"class_list":["post-13","page","type-page","status-publish","hentry"],"_links":{"self":[{"href":"https:\/\/aucklandtokelausociety.co.nz\/index.php?rest_route=\/wp\/v2\/pages\/13","targetHints":{"allow":["GET"]}}],"collection":[{"href":"https:\/\/aucklandtokelausociety.co.nz\/index.php?rest_route=\/wp\/v2\/pages"}],"about":[{"href":"https:\/\/aucklandtokelausociety.co.nz\/index.php?rest_route=\/wp\/v2\/types\/page"}],"author":[{"embeddable":true,"href":"https:\/\/aucklandtokelausociety.co.nz\/index.php?rest_route=\/wp\/v2\/users\/1"}],"replies":[{"embeddable":true,"href":"https:\/\/aucklandtokelausociety.co.nz\/index.php?rest_route=%2Fwp%2Fv2%2Fcomments&post=13"}],"version-history":[{"count":5,"href":"https:\/\/aucklandtokelausociety.co.nz\/index.php?rest_route=\/wp\/v2\/pages\/13\/revisions"}],"predecessor-version":[{"id":225,"href":"https:\/\/aucklandtokelausociety.co.nz\/index.php?rest_route=\/wp\/v2\/pages\/13\/revisions\/225"}],"wp:attachment":[{"href":"https:\/\/aucklandtokelausociety.co.nz\/index.php?rest_route=%2Fwp%2Fv2%2Fmedia&parent=13"}],"curies":[{"name":"wp","href":"https:\/\/api.w.org\/{rel}","templated":true}]}}